greatest common divisor of 40 and 2720.
40
Calculate the greatest common divisor of 11 and 77.
11
What is the greatest common divisor of 741 and 351?
39
What is the highest common divisor of 58 and 1682?
58
Calculate the highest common factor of 16 and 464.
16
What is the highest common factor of 164 and 574?
82
What is the highest common divisor of 17 and 1853?
17
Calculate the highest common factor of 4 and 188.
4
What is the greatest common factor of 1152 and 36?
36
Calculate the highest common factor of 731 and 43.
43
Calculate the highest common divisor of 81 and 36.
9
Calculate the highest common divisor of 1512 and 112.
56
Calculate the highest common divisor of 1581 and 930.
93
What is the greatest common divisor of 7 and 28?
7
What is the highest common divisor of 3 and 58?
1
Calculate the highest common factor of 36 and 63.
9
What is the highest common factor of 208 and 16?
16
What is the greatest common factor of 357 and 126?
21
Calculate the greatest common factor of 80 and 20.
20
What is the highest common factor of 430 and 344?
86
Calculate the greatest common divisor of 130 and 6214.
26
What is the greatest common divisor of 114 and 1539?
57
Calculate the greatest common divisor of 77 and 63.
7
Calculate the greatest common divisor of 24729 and 3.
3
What is the greatest common divisor of 15 and 1215?
15
What is the highest common factor of 67770 and 54?
54
What is the greatest common divisor of 10616 and 8?
8
Calculate the highest common factor of 840 and 2268.
84
Calculate the greatest common divisor of 15 and 375.
15
What is the greatest common factor of 45 and 3096?
9
What is the greatest common divisor of 101 and 33229?
101
What is the greatest common divisor of 248 and 6076?
124
Calculate the greatest common factor of 25 and 3565.
5
What is the highest common divisor of 263 and 3?
1
What is the greatest common factor of 2 and 824?
2
Calculate the highest common factor of 11673 and 3.
3
Calculate the highest common divisor of 38 and 893.
19
Calculate the highest common factor of 14444 and 644.
92
What is the greatest common factor of 289 and 23409?
289
Calculate the greatest common divisor of 39 and 12.
3
Calculate the greatest common divisor of 102 and 21862.
34
What is the greatest common factor of 725 and 50?
25
Calculate the highest common factor of 58 and 551.
29
What is the highest common divisor of 4082 and 26?
26
Calculate the greatest common factor of 105 and 175.
35
What is the highest common divisor of 405 and 30?
15
Calculate the greatest common factor of 376 and 4606.
94
Calculate the highest common divisor of 2369 and 23.
23
Calculate the greatest common divisor of 48 and 348.
12
What is the greatest common factor of 1067 and 77?
11
What is the highest common factor of 104 and 182?
26
What is the highest common divisor of 95 and 2945?
95
Calculate the greatest common divisor of 4575 and 375.
75
Calculate the highest common factor of 2035 and 440.
55
Calculate the highest common factor of 156 and 429.
39
What is the greatest common factor of 520 and 195?
65
What is the greatest common factor of 2349 and 174?
87
Calculate the highest common factor of 1580 and 40.
20
Calculate the highest common factor of 66 and 58542.
66
Calculate the highest common factor of 13846 and 14.
14
Calculate the highest common factor of 165 and 220.
55
What is the highest common divisor of 6688 and 880?
176
What is the highest common factor of 7 and 119?
7
Calculate the highest common factor of 2520 and 105.
105
What is the highest common factor of 2322 and 172?
86
Calculate the highest common divisor of 135 and 486.
27
What is the greatest common factor of 48 and 324?
12
What is the highest common divisor of 58 and 174?
58
Calculate the greatest common divisor of 8 and 26.
2
What is the greatest common factor of 128 and 32?
32
What is the greatest common divisor of 30 and 290?
10
What is the highest common divisor of 34 and 187?
17
What is the highest common factor of 235 and 65?
5
Calculate the greatest common factor of 18 and 9.
9
Calculate the highest common divisor of 2651 and 583.
11
What is the highest common divisor of 56 and 112?
56
Calculate the highest common factor of 3636 and 252.
36
What is the greatest common factor of 66820 and 40?
20
What is the greatest common divisor of 12 and 576?
12
What is the highest common factor of 585 and 1430?
65
What is the highest common factor of 9 and 333?
9
Calculate the highest common divisor of 66 and 2706.
66
Calculate the highest common factor of 15 and 1245.
15
What is the highest common factor of 18 and 414?
18
What is the greatest common factor of 23 and 17319?
23
What is the greatest common divisor of 19 and 19?
19
Calculate the greatest common factor of 7668 and 72.
36
What is the greatest common divisor of 3393 and 493?
29
What is the highest common divisor of 226 and 1921?
113
Calculate the highest common divisor of 4 and 212.
4
Calculate the highest common factor of 56670 and 10.
10
Calculate the greatest common divisor of 10624 and 128.
128
Calculate the highest common factor of 2059 and 355.
71
What is the highest common factor of 4669 and 322?
161
What is the highest common divisor of 516 and 276?
12
What is the greatest common factor of 56 and 28?
28
Calculate the highest common factor of 28 and 22708.
28
What is the highest common factor of 1696 and 224?
32
What is the greatest common factor of 48 and 2912?
16
Calculate the highest common divisor of 13 and 9477.
13
What is the highest common factor of 208 and 728?
104
What is the highest common divisor of 17736 and 16?
8
What is the highest common factor of 192 and 27?
3
Calculate the greatest common factor of 970 and 170.
10
What is the highest common factor of 256 and 8?
8
What is the greatest common factor of 655 and 35?
5
What is the greatest common divisor of 918 and 1632?
102
Calculate the greatest common factor of 102 and 68.
34
What is the greatest common factor of 7 and 1183?
7
Calculate the highest common factor of 360 and 576.
72
Calculate the highest common divisor of 286 and 78.
26
Calculate the greatest common divisor of 9469 and 51.
17
What is the greatest common divisor of 171 and 9?
9
Calculate the highest common factor of 1391 and 13.
13
Calculate the highest common factor of 270 and 12.
6
Calculate the greatest common factor of 387 and 86.
43
What is the greatest common divisor of 266 and 168?
14
What is the highest common factor of 4012 and 68?
68
What is the greatest common divisor of 2352 and 441?
147
Calculate the highest common factor of 55 and 176.
11
Calculate the greatest common divisor of 598 and 10.
2
What is the highest common factor of 1111 and 11?
11
Calculate the greatest common factor of 14 and 91.
7
Calculate the highest common divisor of 1070 and 2889.
107
What is the greatest common divisor of 1800 and 700?
100
Calculate the greatest common divisor of 2205 and 45.
45
What is the highest common factor of 3 and 243?
3
Calculate the highest common divisor of 12 and 40.
4
What is the highest common factor of 44 and 1804?
44
What is the highest common divisor of 299 and 184?
23
Calculate the highest common factor of 75809 and 43.
43
What is the highest common factor of 125 and 1745?
5
Calculate the greatest common divisor of 609 and 29.
29
What is the greatest common factor of 12 and 16512?
12
Calculate the highest common factor of 29318 and 274.
274
Calculate the highest common factor of 2012 and 12.
4
Calculate the greatest common factor of 8980 and 40.
20
Calculate the greatest common factor of 396 and 144.
36
Calculate the highest common divisor of 165 and 34815.
165
What is the highest common factor of 208 and 144?
16
What is the highest common factor of 99 and 11?
11
What is the highest common factor of 14514 and 354?
354
Calculate the highest common factor of 1204 and 4644.
172
What is the greatest common factor of 170 and 710?
10
Calculate the greatest common divisor of 22 and 6369.
11
Calculate the greatest common divisor of 16 and 800.
16
Calculate the greatest common factor of 4188 and 12.
12
Calculate the greatest common divisor of 1421 and 29.
29
Calculate the highest common divisor of 371 and 53.
53
What is the highest common divisor of 2700 and 175?
25
What is the great